675 and 325.
325
What is the greatest common divisor of 632 and 286?
2
Calculate the highest common divisor of 223482 and 28560.
714
Calculate the greatest common factor of 5362 and 203.
7
What is the greatest common divisor of 117138 and 966?
42
What is the highest common factor of 18 and 552654?
18
Calculate the highest common factor of 35196 and 112.
28
Calculate the highest common divisor of 69538 and 14.
14
Calculate the highest common divisor of 73270 and 255.
85
Calculate the greatest common factor of 492 and 145509.
123
What is the highest common divisor of 180 and 22848?
12
What is the highest common divisor of 572 and 2200?
44
Calculate the highest common factor of 35 and 22806.
7
What is the highest common divisor of 228101 and 29779?
307
Calculate the greatest common divisor of 8140 and 59180.
220
Calculate the highest common factor of 1 and 56499.
1
What is the greatest common divisor of 364 and 67067?
91
What is the highest common factor of 57810 and 2337?
123
What is the highest common divisor of 535 and 33491?
107
What is the highest common divisor of 369462 and 4873?
443
Calculate the highest common divisor of 543 and 426617.
181
What is the highest common divisor of 53492 and 172?
172
What is the highest common factor of 1584 and 1012?
44
Calculate the greatest common factor of 6138 and 130293.
279
Calculate the highest common factor of 638 and 101123.
319
What is the highest common divisor of 88717 and 158?
79
Calculate the greatest common divisor of 49866 and 6.
6
What is the greatest common factor of 579304 and 704?
88
What is the highest common divisor of 3744 and 274976?
416
Calculate the greatest common factor of 10824 and 524.
4
What is the highest common factor of 671508 and 1380?
276
What is the greatest common factor of 519404 and 1424?
356
Calculate the highest common factor of 6814588 and 44.
44
What is the greatest common factor of 585 and 299637?
117
Calculate the highest common factor of 2275 and 4732.
91
What is the greatest common divisor of 84 and 54033?
21
What is the greatest common divisor of 1209 and 28675?
31
What is the highest common factor of 44 and 428956?
44
Calculate the greatest common divisor of 2200 and 59540.
20
What is the highest common divisor of 86 and 24802?
2
Calculate the greatest common factor of 558 and 356841.
279
Calculate the highest common divisor of 4114 and 238.
34
Calculate the highest common factor of 32 and 591392.
32
Calculate the greatest common factor of 2250 and 167875.
125
Calculate the highest common factor of 38100 and 96.
12
What is the highest common divisor of 67996 and 8?
4
Calculate the highest common divisor of 52126 and 134.
134
Calculate the highest common divisor of 9 and 1171197.
9
What is the highest common divisor of 5575 and 125?
25
Calculate the greatest common factor of 276 and 6.
6
What is the highest common divisor of 5767 and 5056?
79
What is the highest common factor of 26715028 and 218?
218
What is the greatest common divisor of 11210 and 1710?
190
Calculate the highest common divisor of 42 and 1036875.
21
Calculate the greatest common factor of 423126 and 396.
198
What is the greatest common factor of 23364 and 22?
22
Calculate the greatest common factor of 5376 and 1638.
42
What is the greatest common factor of 104061 and 129?
3
What is the highest common factor of 984 and 2949540?
492
Calculate the greatest common divisor of 24585 and 660.
165
Calculate the greatest common divisor of 5292 and 17604.
108
What is the highest common factor of 20683 and 6149?
559
Calculate the highest common divisor of 44 and 55121.
11
Calculate the highest common divisor of 30 and 3174.
6
What is the highest common divisor of 3013 and 17554?
131
What is the highest common factor of 7 and 8581?
1
Calculate the highest common divisor of 200 and 677120.
40
What is the greatest common factor of 6 and 1660962?
6
What is the highest common divisor of 477 and 8244?
9
What is the highest common divisor of 73 and 237104?
73
Calculate the highest common factor of 883199 and 755.
151
What is the greatest common factor of 7058540 and 1060?
1060
Calculate the greatest common factor of 86701 and 13459.
313
Calculate the highest common divisor of 11569895 and 67.
67
What is the greatest common divisor of 162296 and 16?
8
What is the greatest common factor of 8 and 70456?
8
What is the greatest common divisor of 2117650 and 25?
25
What is the greatest common factor of 740 and 64540?
20
What is the greatest common divisor of 1037 and 68612?
17
Calculate the highest common factor of 3913 and 1376.
43
Calculate the highest common factor of 61 and 4455623.
61
What is the greatest common factor of 276 and 1225486?
46
What is the greatest common factor of 279711 and 63?
9
What is the greatest common divisor of 303 and 6558?
3
What is the highest common factor of 380 and 1125940?
380
Calculate the highest common factor of 29056 and 1024.
128
Calculate the highest common divisor of 1113 and 75366.
159
What is the greatest common divisor of 14937 and 156?
39
What is the greatest common factor of 86 and 3176?
2
Calculate the greatest common divisor of 25 and 579725.
25
Calculate the greatest common factor of 17336 and 154.
22
What is the highest common factor of 902 and 59122?
82
What is the greatest common divisor of 76 and 2193284?
76
What is the highest common factor of 9653 and 1773?
197
What is the greatest common divisor of 405 and 287577?
27
What is the highest common divisor of 32975 and 485?
5
What is the greatest common factor of 1799 and 133?
7
What is the highest common divisor of 5504 and 320?
64
Calculate the greatest common factor of 27 and 6256494.
27
What is the highest common factor of 384 and 3584?
128
Calculate the greatest common divisor of 415237 and 1563.
521
Calculate the greatest common divisor of 112132 and 32368.
1156
What is the highest common divisor of 973091 and 686?
343
What is the greatest common divisor of 273415 and 7340?
1835
What is the highest common divisor of 18 and 387459?
9
Calculate the highest common factor of 2180 and 71395.
545
What is the highest common factor of 2 and 2426?
2
What is the greatest common divisor of 5933 and 816?
17
What is the highest common divisor of 5753 and 22?
11
What is the highest common divisor of 2340 and 203040?
180
Calculate the highest common divisor of 1326 and 483106.
442
Calculate the highest common factor of 255144 and 16.
8
Calculate the highest common divisor of 920 and 12029.
23
Calculate the highest common divisor of 608 and 345584.
16
Calculate the greatest common divisor of 9 and 10812.
3
What is the greatest common factor of 2329 and 11097?
137
Calculate the greatest common divisor of 7399 and 147.
49
Calculate the highest common factor of 18150 and 60.
30
Calculate the highest common divisor of 36378 and 946.
86
Calculate the highest common divisor of 54930 and 90.
30
What is the highest common factor of 288552 and 792?
264
What is the highest common divisor of 768 and 946432?
256
What is the highest common factor of 106810 and 1650?
110
What is the greatest common divisor of 22 and 698522?
22
What is the highest common factor of 132440 and 308?
308
Calculate the highest common divisor of 7599 and 2822.
17
Calculate the greatest common factor of 2984 and 20.
4
What is the highest common factor of 468 and 642915?
117
Calculate the greatest common divisor of 1146275 and 325.
325
What is the greatest common divisor of 1295 and 19705?
35
What is the highest common divisor of 38764 and 66?
22
What is the greatest common divisor of 1290423 and 38?
19
Calculate the highest common factor of 2909376 and 576.
576
What is the greatest common divisor of 526 and 119402?
526
What is the greatest common divisor of 20 and 34084?
4
What is the highest common divisor of 96738 and 897?
69
Calculate the greatest common factor of 12 and 66342.
6
Calculate the greatest common factor of 12922 and 1562.
142
Calculate the highest common divisor of 95808 and 5184.
192
Calculate the greatest common divisor of 76 and 137161.
19
Calculate the highest common factor of 34505 and 16480.
515
What is the greatest common divisor of 109312 and 768?
256
Calculate the greatest common factor of 3775 and 17900.
25
What is the highest commo